the remainder when 1265380 is divided by 632645.
90
Calculate the remainder when 31597844 is divided by 9.
5
Calculate the remainder when 14755164 is divided by 89.
32
What is the remainder when 124247 is divided by 891?
398
What is the remainder when 229439 is divided by 32730?
329
What is the remainder when 3891248 is divided by 7?
4
What is the remainder when 2560825 is divided by 2964?
2893
Calculate the remainder when 23250197 is divided by 404.
401
Calculate the remainder when 8165073 is divided by 2041264.
17
What is the remainder when 801491 is divided by 1021?
6
What is the remainder when 5158961 is divided by 224?
17
What is the remainder when 58174511 is divided by 528?
527
What is the remainder when 2187931058 is divided by 35?
33
Calculate the remainder when 45496394 is divided by 1624871.
6
What is the remainder when 60323354 is divided by 5082?
14
What is the remainder when 313500 is divided by 11492?
3216
What is the remainder when 28967821 is divided by 141999?
25
Calculate the remainder when 4360885 is divided by 2180437.
11
Calculate the remainder when 29964867 is divided by 9988281.
24
Calculate the remainder when 14025975 is divided by 5464.
5351
Calculate the remainder when 289389639 is divided by 10.
9
What is the remainder when 33940 is divided by 8157?
1312
What is the remainder when 333414194 is divided by 2218?
2216
Calculate the remainder when 2696075 is divided by 1497.
1475
What is the remainder when 5432720 is divided by 2654?
2636
What is the remainder when 208017 is divided by 15?
12
What is the remainder when 471311 is divided by 491?
442
Calculate the remainder when 58016 is divided by 3869.
3850
Calculate the remainder when 385789 is divided by 25701.
274
Calculate the remainder when 213009708 is divided by 31.
28
What is the remainder when 371665 is divided by 185617?
431
What is the remainder when 56088610 is divided by 234?
214
What is the remainder when 46192506 is divided by 99?
96
What is the remainder when 36560678 is divided by 56?
14
Calculate the remainder when 105218 is divided by 6788.
3398
Calculate the remainder when 5856670 is divided by 325368.
46
Calculate the remainder when 12445860 is divided by 199.
2
What is the remainder when 9281866 is divided by 56?
34
Calculate the remainder when 745970 is divided by 1218.
554
What is the remainder when 342125 is divided by 244?
37
What is the remainder when 788664 is divided by 52577?
9
Calculate the remainder when 39508447 is divided by 1717756.
59
What is the remainder when 2558672 is divided by 3467?
26
What is the remainder when 399375 is divided by 3308?
2415
Calculate the remainder when 1846 is divided by 484.
394
Calculate the remainder when 205165 is divided by 14599.
779
Calculate the remainder when 9582372 is divided by 1118.
1112
Calculate the remainder when 130522 is divided by 170.
132
What is the remainder when 216654 is divided by 71953?
795
What is the remainder when 16746671 is divided by 354?
347
What is the remainder when 2196074 is divided by 469?
216
Calculate the remainder when 3185201 is divided by 353911.
2
Calculate the remainder when 1357890 is divided by 366.
30
Calculate the remainder when 219860 is divided by 476.
424
What is the remainder when 4650470 is divided by 53?
38
What is the remainder when 56732 is divided by 29?
8
Calculate the remainder when 37808129 is divided by 4963.
4958
Calculate the remainder when 481187 is divided by 231.
14
What is the remainder when 43287379 is divided by 14429122?
13
What is the remainder when 197003417 is divided by 31?
29
Calculate the remainder when 3078793 is divided by 3174.
13
What is the remainder when 4666800 is divided by 501?
486
What is the remainder when 17233 is divided by 84?
13
Calculate the remainder when 2882921 is divided by 160161.
23
What is the remainder when 58483 is divided by 18924?
1711
What is the remainder when 1622448 is divided by 21?
9
Calculate the remainder when 65949152 is divided by 82.
78
Calculate the remainder when 1258185 is divided by 209679.
111
What is the remainder when 11382087 is divided by 192?
135
Calculate the remainder when 787004 is divided by 262329.
17
What is the remainder when 9108412 is divided by 13?
1
What is the remainder when 596020732 is divided by 64?
60
What is the remainder when 9988686 is divided by 16?
14
What is the remainder when 258243895 is divided by 3268?
3267
What is the remainder when 1400802 is divided by 7782?
42
Calculate the remainder when 1424440 is divided by 12718.
24
What is the remainder when 1360738 is divided by 291?
22
What is the remainder when 5337753 is divided by 277?
240
What is the remainder when 4753685 is divided by 3199?
3170
Calculate the remainder when 308467 is divided by 1291.
1209
What is the remainder when 2085344 is divided by 1986?
44
What is the remainder when 3241018 is divided by 882?
550
What is the remainder when 15946846 is divided by 938049?
13
Calculate the remainder when 5019028 is divided by 4989.
94
What is the remainder when 5749969 is divided by 628?
1
What is the remainder when 192863 is divided by 177?
110
Calculate the remainder when 1976843 is divided by 116284.
15
What is the remainder when 2834683 is divided by 944882?
37
Calculate the remainder when 83800499 is divided by 2300.
2299
Calculate the remainder when 6678 is divided by 2524.
1630
Calculate the remainder when 1500244 is divided by 345.
184
What is the remainder when 68138 is divided by 33112?
1914
What is the remainder when 1428675 is divided by 24211?
226
Calculate the remainder when 16810131 is divided by 12288.
147
Calculate the remainder when 14381 is divided by 1884.
1193
Calculate the remainder when 30354 is divided by 2025.
2004
What is the remainder when 269338 is divided by 47?
28
Calculate the remainder when 996940 is divided by 30.
10
What is the remainder when 20282699 is divided by 123?
122
What is the remainder when 823385 is divided by 8943?
629
Calculate the remainder when 1831623 is divided by 989.
984
What is the remainder when 1287 is divided by 1073?
214
What is the remainder when 79045935 is divided by 26348640?
15
What is the remainder when 2745360 is divided by 274532?
40
What is the remainder when 1545784 is divided by 757?
747
What is the remainder when 418352 is divided by 1536?
560
Calculate the remainder when 395661 is divided by 129458.
7287
Calculate the remainder when 869009 is divided by 143.
141
Calculate the remainder when 8723199 is divided by 800.
799
Calculate the remainder when 23179658 is divided by 5808.
5738
Calculate the remainder when 80153984 is divided by 7625.
7609
Calculate the remainder when 75235 is divided by 10737.
76
Calculate the remainder when 232898 is divided by 7271.
226
Calculate the remainder when 132243 is divided by 128123.
4120
Calculate the remainder when 32608102 is divided by 1634.
1632
What is the remainder when 58846361 is divided by 67?
60
Calculate the remainder when 125767 is divided by 316.
315
Calculate the remainder when 2647553 is divided by 139.
20
Calculate the remainder when 629032 is divided by 2632.
2616
Calculate the remainder when 42984913 is divided by 3953.
3944
What is the remainder when 3179532 is divided by 25436?
32
Calculate the remainder when 58177064 is divided by 43.
42
Calculate the remainder when 1565484 is divided by 3745.
74
Calculate the remainder when 313285 is divided by 650.
635
Calculate the remainder when 3172115 is divided by 4125.
4115
What is the remainder when 812465 is divided by 2861?
2802
Calculate the remainder when 12389589 is divided by 832.
277
What is the remainder when 20526 is divided by 4231?
3602
What is the remainder when 991266 is divided by 769?
25
Calculate the remainder when 60087110 is divided by 37.
35
What is the remainder when 1031434 is divided by 4352?
10
What is the remainder when 701173 is divided by 149?
128
What is the remainder when 427404 is divided by 59?
8
Calculate the remainder when 532793 is divided by 4925.
893
Calculate the remainder when 31603 is divided by 1139.
850
What is the remainder when 1175514 is divided by 17?
15
Calculate the remainder when 2022866 is divided by 1011425.
16
Calculate the remainder when 22460084 is divided by 84.
80
What is the remain